.
2, 3, 5167
List the prime factors of 232585.
5, 181, 257
What are the prime factors of 9840639?
3, 3280213
What are the prime factors of 77750?
2, 5, 311
List the prime factors of 14263.
17, 839
List the prime factors of 3022289.
3022289
List the prime factors of 3578229.
3, 132527
What are the prime factors of 171899?
7, 13, 1889
List the prime factors of 596160.
2, 3, 5, 23
List the prime factors of 1023517.
11, 93047
What are the prime factors of 1151932?
2, 19, 23, 659
What are the prime factors of 125536?
2, 3923
List the prime factors of 6569411.
43, 152777
What are the prime factors of 34258852?
2, 8564713
List the prime factors of 26648.
2, 3331
What are the prime factors of 1141312?
2, 17, 1049
What are the prime factors of 7125688?
2, 890711
What are the prime factors of 1343414?
2, 19, 35353
List the prime factors of 673049.
13, 23, 2251
List the prime factors of 731227.
7, 14923
What are the prime factors of 249279?
3, 83093
List the prime factors of 6291.
3, 233
List the prime factors of 81465.
3, 5, 5431
What are the prime factors of 661038?
2, 3, 7, 15739
What are the prime factors of 58857?
3, 23, 853
What are the prime factors of 5146705?
5, 1029341
List the prime factors of 7854895.
5, 137, 11467
List the prime factors of 132094.
2, 66047
What are the prime factors of 11612592?
2, 3, 26881
What are the prime factors of 398836?
2, 99709
What are the prime factors of 3282358?
2, 821, 1999
List the prime factors of 8234415.
3, 5, 7, 26141
List the prime factors of 16462.
2, 8231
List the prime factors of 228638.
2, 114319
What are the prime factors of 9914317?
7, 29, 6977
What are the prime factors of 469092?
2, 3, 13, 31, 97
List the prime factors of 1273552.
2, 7, 83, 137
What are the prime factors of 147079?
19, 7741
List the prime factors of 2963597.
7, 13, 29, 1123
What are the prime factors of 3942402?
2, 3, 17, 38651
List the prime factors of 4013360.
2, 5, 13, 17, 227
List the prime factors of 4955424.
2, 3, 41, 1259
What are the prime factors of 1307008?
2, 10211
What are the prime factors of 6336912?
2, 3, 132019
What are the prime factors of 1155839?
563, 2053
List the prime factors of 290141.
290141
List the prime factors of 2711704.
2, 17, 127, 157
List the prime factors of 815338.
2, 407669
List the prime factors of 3183001.
71, 127, 353
What are the prime factors of 73448?
2, 9181
List the prime factors of 993851.
993851
List the prime factors of 43586.
2, 19, 31, 37
What are the prime factors of 1701689?
11, 154699
What are the prime factors of 26172677?
26172677
What are the prime factors of 1753884?
2, 3, 11, 43, 103
What are the prime factors of 4409074?
2, 2204537
What are the prime factors of 289854?
2, 3, 16103
What are the prime factors of 8313393?
3, 11, 19, 13259
What are the prime factors of 1237534?
2, 599, 1033
What are the prime factors of 989207?
23, 41, 1049
List the prime factors of 331048.
2, 41381
What are the prime factors of 309745?
5, 61949
List the prime factors of 129935.
5, 13, 1999
What are the prime factors of 1159950?
2, 3, 5, 11, 19, 37
List the prime factors of 169661.
169661
What are the prime factors of 23473790?
2, 5, 2347379
What are the prime factors of 486512?
2, 13, 2339
What are the prime factors of 926318?
2, 29, 15971
What are the prime factors of 4893147?
3, 7, 101, 769
What are the prime factors of 23232981?
3, 31, 131, 1907
List the prime factors of 244229.
283, 863
List the prime factors of 10238274.
2, 3, 41, 13873
What are the prime factors of 72530?
2, 5, 7253
List the prime factors of 3437639.
3437639
List the prime factors of 7218420.
2, 3, 5, 11, 10937
What are the prime factors of 323723?
127, 2549
List the prime factors of 611192.
2, 19, 4021
List the prime factors of 496383.
3, 17, 9733
What are the prime factors of 1052059?
269, 3911
List the prime factors of 347200.
2, 5, 7, 31
List the prime factors of 13943603.
13943603
What are the prime factors of 240691?
11, 21881
List the prime factors of 1728435.
3, 5, 61, 1889
List the prime factors of 12475837.
11, 19, 59693
List the prime factors of 273338.
2, 13, 10513
List the prime factors of 213988.
2, 61, 877
List the prime factors of 9084584.
2, 19, 59, 1013
What are the prime factors of 670397?
7, 13, 53, 139
What are the prime factors of 2472448?
2, 11, 439
What are the prime factors of 280461?
3, 93487
What are the prime factors of 17339818?
2, 19, 127, 3593
What are the prime factors of 3238023?
3, 191, 5651
List the prime factors of 300576.
2, 3, 31, 101
List the prime factors of 9817918.
2, 11, 23, 19403
List the prime factors of 4629946.
2, 23, 251, 401
List the prime factors of 458693.
29, 15817
List the prime factors of 2693401.
1471, 1831
List the prime factors of 346148.
2, 11, 7867
What are the prime factors of 438646?
2, 13, 16871
List the prime factors of 670794.
2, 3, 111799
What are the prime factors of 1966986?
2, 3, 7, 67, 233
List the prime factors of 2010165.
3, 5, 17, 7883
List the prime factors of 1633849.
7, 233407
List the prime factors of 27427.
27427
List the prime factors of 117560.
2, 5, 2939
List the prime factors of 104329.
17, 19
What are the prime factors of 5156212?
2, 1289053
List the prime factors of 7751251.
7751251
What are the prime factors of 4365497?
19, 229763
What are the prime factors of 2427115?
5, 485423
What are the prime factors of 3385689?
3, 761, 1483
What are the prime factors of 5862737?
857, 6841
List the prime factors of 3213148.
2, 803287
What are the prime factors of 165526?
2, 82763
List the prime factors of 375969.
3, 11, 11393
List the prime factors of 3527940.
2, 3, 5, 13, 4523
What are the prime factors of 529643?
47, 59, 191
What are the prime factors of 256107?
3, 85369
List the prime factors of 5215142.
2, 2607571
What are the prime factors of 35397877?
31, 1141867
What are the prime factors of 28800?
2, 3, 5
List the prime factors of 2351686.
2, 353, 3331
List the prime factors of 1293953.
601, 2153
What are the prime factors of 3784222?
2, 13, 145547
What are the prime factors of 12015?
3, 5, 89
List the prime factors of 233824.
2, 7307
What are the prime factors of 114402?
2, 3, 23, 829
List the prime factors of 11727977.
17, 29, 23789
List the prime factors of 110009.
23, 4783
What are the prime factors of 568292?
2, 31, 4583
What are the prime factors of 827499?
3, 113, 2441
What are the prime factors of 4543819?
7, 47, 1973
List the prime factors of 1052246.
2, 13, 40471
What are the prime factors of 938911?
127, 7393
What are the prime factors of 59610?
2, 3, 5, 1987
What are the prime factors of 279293?
7, 17, 2347
What are the prime factors of 2973426?
2, 3, 495571
List the prime factors of 224665.
5, 7, 131
What are the prime factors of 3387791?
11, 131, 2351
What are the prime factors of 42368577?
3, 14122859
List the prime factors of 1291916.
2, 71, 4549
What are the prime factors of 42280?
2, 5, 7, 151
What are the prime factors of 467855?
5, 137, 683
What are the prime factors of 238002?
2, 3, 39667
List the prime factors of 4631821.
4631821
List the prime factors of 137719.
41, 3359
What are the prime factors of 563858?
2, 257, 1097
What are the prime factors of 151552?
2, 37
What are the prime factors of 5400907?
191, 28277
What are the prime factors of 3005782?
2, 13, 193, 599
List the prime factors of 4662876.
2, 3, 388573
List the prime factors of 3959085.
3, 5, 13, 79, 257
What are the prime factors of 18989980?
2, 5, 31, 109, 281
List the prime factors of 16232.
2, 2029
What are the prime factors of 20618011?
20618011
List the prime factors of 1324957.
1324957
List the prime factors of 21419747.
21419747
List the prime factors of 5530923.
3, 281
What are the prime factors of 21731592?
2, 3, 19, 47657
List the prime factors of 4113971.
283, 14537
List the prime factors of 777102.
2, 3, 129517
List the prime factors of 1240135.
5, 13, 19079
List the prime factors of 2398956.
2, 3, 7, 28559
List the prime factors of 233775.
3, 5, 1039
List the prime factors of 3762933.
3, 17, 73783
List the prime factors of 32044.
2, 8011
List the prime factors of 68218.
2, 23, 1483
What are the prime factors of 2790884?
2, 97, 7193
What are the prime factors of 209787?
3, 69929
List the prime factors of 266763.
3, 7, 12703
What are the prim